{"id":941,"date":"2022-05-21T10:17:16","date_gmt":"2022-05-21T10:17:16","guid":{"rendered":"https:\/\/modinatheme.com\/dustrix\/?page_id=941"},"modified":"2026-02-02T23:24:49","modified_gmt":"2026-02-02T20:24:49","slug":"kurumsal","status":"publish","type":"page","link":"https:\/\/torkmekanik.com\/index.php\/kurumsal\/","title":{"rendered":"KURUMSAL"},"content":{"rendered":"\t\t<div data-elementor-type=\"wp-page\" data-elementor-id=\"941\" class=\"elementor elementor-941\">\n\t\t\t\t\t\t<section class=\"elementor-section elementor-top-section elementor-element elementor-element-e66c969 elementor-section-content-middle elementor-section-boxed elementor-section-height-default elementor-section-height-default\" data-id=\"e66c969\" data-element_type=\"section\" data-settings=\"{&quot;background_background&quot;:&quot;classic&quot;}\">\n\t\t\t\t\t\t<div class=\"elementor-container elementor-column-gap-default\">\n\t\t\t\t\t<div class=\"elementor-column elementor-col-50 elementor-top-column elementor-element elementor-element-f192c5c top column-style-top\" data-id=\"f192c5c\" data-element_type=\"column\">\n\t\t\t<div class=\"elementor-widget-wrap elementor-element-populated\">\n\t\t\t\t\t\t<div class=\"elementor-element elementor-element-de85d99 elementor-widget elementor-widget-modina_mask_countup\" data-id=\"de85d99\" data-element_type=\"widget\" data-widget_type=\"modina_mask_countup.default\">\n\t\t\t\t<div class=\"elementor-widget-container\">\n\t\t\t\t\t    \r\n            <div class=\"mask-outline text-center\" style=\"background-image: url('http:\/\/torkmekanik.com\/wp-content\/uploads\/2022\/05\/cases3-1.jpg'); background-position: bottom\">\r\n                            <h1>13<\/h1>\r\n                    <\/div>\r\n        \t\t\t\t<\/div>\n\t\t\t\t<\/div>\n\t\t\t\t\t<\/div>\n\t\t<\/div>\n\t\t\t\t<div class=\"elementor-column elementor-col-50 elementor-top-column elementor-element elementor-element-e5e97cf top column-style-top\" data-id=\"e5e97cf\" data-element_type=\"column\">\n\t\t\t<div class=\"elementor-widget-wrap elementor-element-populated\">\n\t\t\t\t\t\t<div class=\"elementor-element elementor-element-e0e0f08 elementor-widget elementor-widget-modina_section_title\" data-id=\"e0e0f08\" data-element_type=\"widget\" data-widget_type=\"modina_section_title.default\">\n\t\t\t\t<div class=\"elementor-widget-container\">\n\t\t\t\t\t        <div class=\"section-title text-start\">\r\n        <span>Services<\/span>\r\n        <p>Tork Mekanik M\u00fchendislik<\/p>\r\n        <h2>13 y\u0131ll\u0131k tecr\u00fcbe...<\/h2>\r\n    <\/div>\r\n    \r\n    \r\n        \t\t\t\t<\/div>\n\t\t\t\t<\/div>\n\t\t\t\t<div class=\"elementor-element elementor-element-2eae945 elementor-widget elementor-widget-heading\" data-id=\"2eae945\" data-element_type=\"widget\" data-widget_type=\"heading.default\">\n\t\t\t\t\t<h4 class=\"elementor-heading-title elementor-size-default\">Biz kimiz?<\/h4>\t\t\t\t<\/div>\n\t\t\t\t<div class=\"elementor-element elementor-element-31024bf elementor-widget elementor-widget-heading\" data-id=\"31024bf\" data-element_type=\"widget\" data-widget_type=\"heading.default\">\n\t\t\t\t\t<p class=\"elementor-heading-title elementor-size-default\">2013 y\u0131l\u0131ndan itibaren faaliyetlerini s\u00fcrd\u00fcren \n<span style=\"font-weight:700\">Tork Mekanik M\u00fchendislik<\/span>, \nfarkl\u0131 \u00f6l\u00e7ek ve nitelikteki projelerde planlama, projelendirme ve uygulama s\u00fcre\u00e7lerini \nentegre bir m\u00fchendislik yakla\u015f\u0131m\u0131yla y\u00fcr\u00fcten bir firmad\u0131r. Kurulu\u015fundan bu yana, m\u00fchendislik biliminin evrensel ilkeleri, \nmesleki etik de\u011ferler ve kalite odakl\u0131 \u00e7al\u0131\u015fma anlay\u0131\u015f\u0131 do\u011frultusunda hizmet vermektedir.<br><br>\n\nFirmam\u0131z; yang\u0131n tesisat\u0131, \u0131s\u0131tma ve so\u011futma sistemleri, do\u011falgaz tesisat\u0131, \nhavaland\u0131rma sistemleri ve s\u0131hhi tesisat alanlar\u0131nda, \nulusal ve uluslararas\u0131 standartlara uygun \u00e7\u00f6z\u00fcmler \u00fcretmektedir. Projelerin her a\u015famas\u0131nda g\u00fcvenlik, enerji verimlili\u011fi ve s\u00fcrd\u00fcr\u00fclebilirlik \n\u00f6n planda tutularak, end\u00fcstriyel ve yap\u0131sal ihtiya\u00e7lara \u00f6zel \nm\u00fchendislik \u00e7\u00f6z\u00fcmleri geli\u015ftirilmektedir.<br><br>\n\n<span style=\"font-weight:700\">Tork Mekanik M\u00fchendislik<\/span>, \nsahip oldu\u011fu teknik bilgi birikimi, disiplinli proje y\u00f6netimi anlay\u0131\u015f\u0131 \nve \u00e7\u00f6z\u00fcm odakl\u0131 yakla\u015f\u0131m\u0131yla; g\u00fcvenilir, verimli ve uzun \u00f6m\u00fcrl\u00fc \nmekanik sistemler hayata ge\u00e7irmeyi ama\u00e7lamaktad\u0131r.\n<\/p>\t\t\t\t<\/div>\n\t\t\t\t\t<\/div>\n\t\t<\/div>\n\t\t\t\t\t<\/div>\n\t\t<\/section>\n\t\t\t\t<section class=\"elementor-section elementor-top-section elementor-element elementor-element-7155504 elementor-section-boxed elementor-section-height-default elementor-section-height-default\" data-id=\"7155504\" data-element_type=\"section\" data-settings=\"{&quot;background_background&quot;:&quot;classic&quot;}\">\n\t\t\t\t\t\t<div class=\"elementor-container elementor-column-gap-default\">\n\t\t\t\t\t<div class=\"elementor-column elementor-col-100 elementor-top-column elementor-element elementor-element-fa9bc79 top column-style-top\" data-id=\"fa9bc79\" data-element_type=\"column\">\n\t\t\t<div class=\"elementor-widget-wrap elementor-element-populated\">\n\t\t\t\t\t\t<div class=\"elementor-element elementor-element-f1366ef elementor-widget elementor-widget-modina_section_title\" data-id=\"f1366ef\" data-element_type=\"widget\" data-widget_type=\"modina_section_title.default\">\n\t\t\t\t<div class=\"elementor-widget-container\">\n\t\t\t\t\t        <div class=\"section-title text-center\">\r\n        <span>Roadmap<\/span>\r\n        <p>Tarihimiz<\/p>\r\n        <h2>\u015eirket Yol Haritas\u0131<\/h2>\r\n    <\/div>\r\n    \r\n    \r\n        \t\t\t\t<\/div>\n\t\t\t\t<\/div>\n\t\t\t\t<section class=\"elementor-section elementor-inner-section elementor-element elementor-element-fc82ee7 elementor-section-full_width elementor-section-height-default elementor-section-height-default\" data-id=\"fc82ee7\" data-element_type=\"section\">\n\t\t\t\t\t\t<div class=\"elementor-container elementor-column-gap-default\">\n\t\t\t\t\t<div class=\"elementor-column elementor-col-33 elementor-inner-column elementor-element elementor-element-df1f01f top column-style-top\" data-id=\"df1f01f\" data-element_type=\"column\">\n\t\t\t<div class=\"elementor-widget-wrap elementor-element-populated\">\n\t\t\t\t\t\t<div class=\"elementor-element elementor-element-956d2e6 elementor-widget elementor-widget-heading\" data-id=\"956d2e6\" data-element_type=\"widget\" data-widget_type=\"heading.default\">\n\t\t\t\t\t<h3 class=\"elementor-heading-title elementor-size-default\">2013<\/h3>\t\t\t\t<\/div>\n\t\t\t\t<div class=\"elementor-element elementor-element-95aa4db elementor-view-stacked elementor-shape-circle elementor-widget elementor-widget-icon\" data-id=\"95aa4db\" data-element_type=\"widget\" data-widget_type=\"icon.default\">\n\t\t\t\t\t\t\t<div class=\"elementor-icon-wrapper\">\n\t\t\t<div class=\"elementor-icon\">\n\t\t\t<svg aria-hidden=\"true\" class=\"e-font-icon-svg e-fas-paper-plane\" viewBox=\"0 0 512 512\" xmlns=\"http:\/\/www.w3.org\/2000\/svg\"><path d=\"M476 3.2L12.5 270.6c-18.1 10.4-15.8 35.6 2.2 43.2L121 358.4l287.3-253.2c5.5-4.9 13.3 2.6 8.6 8.3L176 407v80.5c0 23.6 28.5 32.9 42.5 15.8L282 426l124.6 52.2c14.2 6 30.4-2.9 33-18.2l72-432C515 7.8 493.3-6.8 476 3.2z\"><\/path><\/svg>\t\t\t<\/div>\n\t\t<\/div>\n\t\t\t\t\t\t<\/div>\n\t\t\t\t<div class=\"elementor-element elementor-element-4883809 elementor-widget elementor-widget-heading\" data-id=\"4883809\" data-element_type=\"widget\" data-widget_type=\"heading.default\">\n\t\t\t\t\t<h4 class=\"elementor-heading-title elementor-size-default\">Tork M\u00fchendislik kuruldu<\/h4>\t\t\t\t<\/div>\n\t\t\t\t<div class=\"elementor-element elementor-element-250c1df elementor-widget elementor-widget-heading\" data-id=\"250c1df\" data-element_type=\"widget\" data-widget_type=\"heading.default\">\n\t\t\t\t\t<p class=\"elementor-heading-title elementor-size-default\">Y\u0131ld\u0131z Teknik \u00dcniversitesi\u2019nden mezuniyetimizin ard\u0131ndan, m\u00fchendislik bilgi birikimimizi sahaya ta\u015f\u0131ma hedefiyle Tork M\u00fchendislik kuruldu. Bu ad\u0131mla birlikte, kendi yolumuzda ilerleyerek nitelikli ve s\u00fcrd\u00fcr\u00fclebilir projelere imza atmaya ba\u015flad\u0131k.<\/p>\t\t\t\t<\/div>\n\t\t\t\t\t<\/div>\n\t\t<\/div>\n\t\t\t\t<div class=\"elementor-column elementor-col-33 elementor-inner-column elementor-element elementor-element-259f66a top column-style-top\" data-id=\"259f66a\" data-element_type=\"column\">\n\t\t\t<div class=\"elementor-widget-wrap elementor-element-populated\">\n\t\t\t\t\t\t<div class=\"elementor-element elementor-element-a0010e4 elementor-widget elementor-widget-heading\" data-id=\"a0010e4\" data-element_type=\"widget\" data-widget_type=\"heading.default\">\n\t\t\t\t\t<h3 class=\"elementor-heading-title elementor-size-default\">2025<\/h3>\t\t\t\t<\/div>\n\t\t\t\t<div class=\"elementor-element elementor-element-211f574 elementor-view-stacked elementor-shape-circle elementor-widget elementor-widget-icon\" data-id=\"211f574\" data-element_type=\"widget\" data-widget_type=\"icon.default\">\n\t\t\t\t\t\t\t<div class=\"elementor-icon-wrapper\">\n\t\t\t<div class=\"elementor-icon\">\n\t\t\t<svg aria-hidden=\"true\" class=\"e-font-icon-svg e-fas-trophy\" viewBox=\"0 0 576 512\" xmlns=\"http:\/\/www.w3.org\/2000\/svg\"><path d=\"M552 64H448V24c0-13.3-10.7-24-24-24H152c-13.3 0-24 10.7-24 24v40H24C10.7 64 0 74.7 0 88v56c0 35.7 22.5 72.4 61.9 100.7 31.5 22.7 69.8 37.1 110 41.7C203.3 338.5 240 360 240 360v72h-48c-35.3 0-64 20.7-64 56v12c0 6.6 5.4 12 12 12h296c6.6 0 12-5.4 12-12v-12c0-35.3-28.7-56-64-56h-48v-72s36.7-21.5 68.1-73.6c40.3-4.6 78.6-19 110-41.7 39.3-28.3 61.9-65 61.9-100.7V88c0-13.3-10.7-24-24-24zM99.3 192.8C74.9 175.2 64 155.6 64 144v-16h64.2c1 32.6 5.8 61.2 12.8 86.2-15.1-5.2-29.2-12.4-41.7-21.4zM512 144c0 16.1-17.7 36.1-35.3 48.8-12.5 9-26.7 16.2-41.8 21.4 7-25 11.8-53.6 12.8-86.2H512v16z\"><\/path><\/svg>\t\t\t<\/div>\n\t\t<\/div>\n\t\t\t\t\t\t<\/div>\n\t\t\t\t<div class=\"elementor-element elementor-element-548d25a elementor-widget elementor-widget-heading\" data-id=\"548d25a\" data-element_type=\"widget\" data-widget_type=\"heading.default\">\n\t\t\t\t\t<h4 class=\"elementor-heading-title elementor-size-default\">Tamamlad\u0131\u011f\u0131m\u0131z projeler<\/h4>\t\t\t\t<\/div>\n\t\t\t\t<div class=\"elementor-element elementor-element-4024a26 elementor-widget elementor-widget-heading\" data-id=\"4024a26\" data-element_type=\"widget\" data-widget_type=\"heading.default\">\n\t\t\t\t\t<p class=\"elementor-heading-title elementor-size-default\">Ge\u00e7en 13 y\u0131ll\u0131k s\u00fcre\u00e7te, farkl\u0131 \u00f6l\u00e7ek ve nitelikte 35 b\u00fcy\u00fck projeyi ba\u015far\u0131yla tamamlayarak sekt\u00f6rde g\u00fc\u00e7l\u00fc bir deneyim ve g\u00fcvenilir bir referans a\u011f\u0131 olu\u015fturduk.<\/p>\t\t\t\t<\/div>\n\t\t\t\t\t<\/div>\n\t\t<\/div>\n\t\t\t\t<div class=\"elementor-column elementor-col-33 elementor-inner-column elementor-element elementor-element-2bfd5a9 top column-style-top\" data-id=\"2bfd5a9\" data-element_type=\"column\">\n\t\t\t<div class=\"elementor-widget-wrap elementor-element-populated\">\n\t\t\t\t\t\t<div class=\"elementor-element elementor-element-8564a7b elementor-widget elementor-widget-heading\" data-id=\"8564a7b\" data-element_type=\"widget\" data-widget_type=\"heading.default\">\n\t\t\t\t\t<h3 class=\"elementor-heading-title elementor-size-default\">2026<\/h3>\t\t\t\t<\/div>\n\t\t\t\t<div class=\"elementor-element elementor-element-e7e6609 elementor-view-stacked elementor-shape-circle elementor-widget elementor-widget-icon\" data-id=\"e7e6609\" data-element_type=\"widget\" data-widget_type=\"icon.default\">\n\t\t\t\t\t\t\t<div class=\"elementor-icon-wrapper\">\n\t\t\t<div class=\"elementor-icon\">\n\t\t\t<svg aria-hidden=\"true\" class=\"e-font-icon-svg e-far-building\" viewBox=\"0 0 448 512\" xmlns=\"http:\/\/www.w3.org\/2000\/svg\"><path d=\"M128 148v-40c0-6.6 5.4-12 12-12h40c6.6 0 12 5.4 12 12v40c0 6.6-5.4 12-12 12h-40c-6.6 0-12-5.4-12-12zm140 12h40c6.6 0 12-5.4 12-12v-40c0-6.6-5.4-12-12-12h-40c-6.6 0-12 5.4-12 12v40c0 6.6 5.4 12 12 12zm-128 96h40c6.6 0 12-5.4 12-12v-40c0-6.6-5.4-12-12-12h-40c-6.6 0-12 5.4-12 12v40c0 6.6 5.4 12 12 12zm128 0h40c6.6 0 12-5.4 12-12v-40c0-6.6-5.4-12-12-12h-40c-6.6 0-12 5.4-12 12v40c0 6.6 5.4 12 12 12zm-76 84v-40c0-6.6-5.4-12-12-12h-40c-6.6 0-12 5.4-12 12v40c0 6.6 5.4 12 12 12h40c6.6 0 12-5.4 12-12zm76 12h40c6.6 0 12-5.4 12-12v-40c0-6.6-5.4-12-12-12h-40c-6.6 0-12 5.4-12 12v40c0 6.6 5.4 12 12 12zm180 124v36H0v-36c0-6.6 5.4-12 12-12h19.5V24c0-13.3 10.7-24 24-24h337c13.3 0 24 10.7 24 24v440H436c6.6 0 12 5.4 12 12zM79.5 463H192v-67c0-6.6 5.4-12 12-12h40c6.6 0 12 5.4 12 12v67h112.5V49L80 48l-.5 415z\"><\/path><\/svg>\t\t\t<\/div>\n\t\t<\/div>\n\t\t\t\t\t\t<\/div>\n\t\t\t\t<div class=\"elementor-element elementor-element-2e95089 elementor-widget elementor-widget-heading\" data-id=\"2e95089\" data-element_type=\"widget\" data-widget_type=\"heading.default\">\n\t\t\t\t\t<h4 class=\"elementor-heading-title elementor-size-default\">Devam eden projelerimiz<\/h4>\t\t\t\t<\/div>\n\t\t\t\t<div class=\"elementor-element elementor-element-0911b78 elementor-widget elementor-widget-heading\" data-id=\"0911b78\" data-element_type=\"widget\" data-widget_type=\"heading.default\">\n\t\t\t\t\t<p class=\"elementor-heading-title elementor-size-default\">Devam eden projelerimizle birlikte, Tork Mekanik M\u00fchendislik olarak b\u00fcy\u00fcmemizi s\u00fcrd\u00fcrerek; m\u00fchendislik \u00e7\u00f6z\u00fcmleriyle sekt\u00f6re ve projelerimize katma de\u011fer sa\u011flamaya devam ediyoruz.<\/p>\t\t\t\t<\/div>\n\t\t\t\t\t<\/div>\n\t\t<\/div>\n\t\t\t\t\t<\/div>\n\t\t<\/section>\n\t\t\t\t\t<\/div>\n\t\t<\/div>\n\t\t\t\t\t<\/div>\n\t\t<\/section>\n\t\t\t\t<\/div>\n\t\t","protected":false},"excerpt":{"rendered":"<p>13 Services Tork Mekanik M\u00fchendislik 13 y\u0131ll\u0131k tecr\u00fcbe&#8230; Biz kimiz? 2013 y\u0131l\u0131ndan itibaren faaliyetlerini s\u00fcrd\u00fcren Tork Mekanik M\u00fchendislik, farkl\u0131 \u00f6l\u00e7ek ve nitelikteki projelerde planlama, projelendirme ve uygulama s\u00fcre\u00e7lerini entegre bir [&hellip;]<\/p>\n","protected":false},"author":1,"featured_media":0,"parent":0,"menu_order":0,"comment_status":"closed","ping_status":"closed","template":"elementor_header_footer","meta":{"footnotes":""},"class_list":["post-941","page","type-page","status-publish","hentry"],"acf":[],"_links":{"self":[{"href":"https:\/\/torkmekanik.com\/index.php\/wp-json\/wp\/v2\/pages\/941","targetHints":{"allow":["GET"]}}],"collection":[{"href":"https:\/\/torkmekanik.com\/index.php\/wp-json\/wp\/v2\/pages"}],"about":[{"href":"https:\/\/torkmekanik.com\/index.php\/wp-json\/wp\/v2\/types\/page"}],"author":[{"embeddable":true,"href":"https:\/\/torkmekanik.com\/index.php\/wp-json\/wp\/v2\/users\/1"}],"replies":[{"embeddable":true,"href":"https:\/\/torkmekanik.com\/index.php\/wp-json\/wp\/v2\/comments?post=941"}],"version-history":[{"count":78,"href":"https:\/\/torkmekanik.com\/index.php\/wp-json\/wp\/v2\/pages\/941\/revisions"}],"predecessor-version":[{"id":2623,"href":"https:\/\/torkmekanik.com\/index.php\/wp-json\/wp\/v2\/pages\/941\/revisions\/2623"}],"wp:attachment":[{"href":"https:\/\/torkmekanik.com\/index.php\/wp-json\/wp\/v2\/media?parent=941"}],"curies":[{"name":"wp","href":"https:\/\/api.w.org\/{rel}","templated":true}]}}